et k be j(x). Calculate s(k).
0
Let j = 28 - 21. Let z be -3*((-7)/j)/(9/6). Let b(a) = -1 + 2*a**2 - a - a**3 + 1. What is b(z)?
-2
Let h(p) = -10*p + 4333 + 9*p - 4299. Calculate h(7).
27
Let j(q) = 14374 - 14567 - 5*q - 4*q - 11*q. Determine j(-10).
7
Let y(a) be the first derivative of a**4/4 + 2*a**3 - 4*a**2 - 3*a + 6. Suppose 6*m = -189 - 3. Let g = m + 25. What is y(g)?
4
Let c(y) = -16*y**2 - 7*y - 5. Let z(s) = 9*s**2 + 3*s + 2. Suppose -7*u + 4 = -6*u + 5*p, -u - 3*p + 4 = 0. Let l(r) = u*c(r) + 7*z(r). What is l(-6)?
0
Let a(z) = 187 - 57 + 7*z**2 - 3*z**2 + 3*z - 65 - 66. What is a(-4)?
51
Suppose -14*k + 10*k = 124. Let j = k + 30. Let w(z) = 4*z**3 - 3*z - 2. Determine w(j).
-3
Let s = 46 - 41. Suppose 0 = 5*m - 4*m - s, 5*a + m = 25. Let b(l) be the first derivative of -l**4/4 + 5*l**3/3 - l**2 + 6*l - 3. Calculate b(a).
14
Let z(p) be the second derivative of p**3 + 29*p**2 - 118*p. Give z(-8).
10
Let k(n) = 6*n - 2. Let z(g) = -g**2 + 38. Let y be z(-6). Let a(r) = -2*r + 4 + 3*r - 4. Let b be a(y). What is k(b)?
10
Let s(t) = 2*t + 129 - 27*t - 130. What is s(-3)?
74
Suppose 3*f = 4*f. Suppose -8 = i - k, f*i - 25 = 5*i - 2*k. Let j(x) = x**2 + 2*x - 2. Let g(o) = 2*o**2 + o. Let m(y) = -g(y) + j(y). What is m(i)?
-14
Let j(z) = 8*z**3 + 2*z**2 + 16*z - 5. Let t(g) = 7*g**3 + g**2 + 15*g - 5. Let u(v) = -6*j(v) + 7*t(v). Let s = 7350 + -7347. Give u(s).
4
Let x(q) = -3*q - 3*q - 1 + 5*q. Let g(u) = -u**3 + 27*u**2 + 57*u + 31. Let c be g(29). Suppose -5*i = 5*r + 10, 2*i + c = -4*r - 0. What is x(i)?
2
Let m(c) be the second derivative of -c**4/12 - 11*c**3/6 + 13*c**2 - 6*c + 11. Calculate m(-16).
-54
Let q(m) be the third derivative of -m**4/6 + m**3/6 + 2*m**2. Let d(h) = -h**2 - 11*h - 19. Let a be (-303)/33 - 4/(-22). Let s be d(a). What is q(s)?
5
Suppose -5*m = -2*s - 2*s - 1636, -2*m + 651 = -5*s. Let n = m + -328. Let h(b) = b**2 + 16. Calculate h(n).
16
Let j(w) = w**2 + 5*w + 2. Let g be j(-6). Let o = 4 - g. Let h(l) be the second derivative of l**4/12 + 5*l**3/6 - 5*l**2/2 + 84*l. Determine h(o).
-9
Suppose -4*h - 5*f = -5, 2*h - 13 = 286*f - 285*f. Let z(l) = l**3 - 2*l**2 - 23*l + 34. Give z(h).
-6
Let s = 61 + -54. Let w = 27 + -26. Let k(v) = -v + 0 + w - 2*v - v**3 - s*v**2 + 4*v. Calculate k(-7).
-6
Let l(p) = -p**2 + p + 6. Let u be l(0). Let s(k) be the first derivative of 0*k**2 + 4*k + 3*k + 2*k**2 + 80 - 6*k - k**2. What is s(u)?
13
Let s(k) be the third derivative of -k**5/60 + k**4/3 - k**3/2 - 40*k**2 - 2. Let h = -144 + 152. Give s(h).
-3
Let r(d) be the first derivative of 0*d**2 - 3/8*d**4 - 16/3*d**3 + 0*d + 14 - 1/360*d**6 + 0*d**5. Let t(o) be the third derivative of r(o). Determine t(0).
-9
Suppose 0 = -2*q + 3*n - 12, 6*n - 18 = 3*q + 3*n. Let w(p) be the first derivative of 13*p + 6 - 13*p + p**2. Determine w(q).
-12
Suppose -3*x = -3*y + 12, 0 = 17*x - 18*x - 3. Let j(d) = -72*d + y - 71*d + 144*d. What is j(-5)?
-4
Let r(g) = -8*g - 39. Let j be 740/80 + -14 - 1/8*2. Determine r(j).
1
Let h(c) = 6*c**2 + 2*c**2 + 3 + 5*c - 7*c**2 - 1 + 0. Let q = -26 + 21. Calculate h(q).
2
Let l(t) = -9*t - 1. Let k(z) = -44*z + 23. Let p(y) = k(y) - 5*l(y). Give p(-21).
7
Let w(h) be the second derivative of -h**5/20 + h**4 + 15*h**3/2 + 4*h - 4. Let z be w(15). Let u(f) = f**2 - f + 15. Determine u(z).
15
Let p = 368 - 1089. Let u = p + 715. Let g(k) = k - 1. Let y(v) = 2*v - 3. Let n(l) = 3*g(l) - y(l). Determine n(u).
-6
Let m(a) = -92*a - 23. Let z be m(-5). Let w = 443 - z. Let d(y) = 5*y - 23. Give d(w).
7
Let j be 4/3*6/4. Let q(m) = -m + 0 - 1 - j. What is q(-8)?
5
Let a(w) = -12*w + 6. Let y(x) = 455*x - 175. Let s(i) = -77*a(i) - 2*y(i). Determine s(8).
0
Let x(d) = d. Let s(m) = -7*m + 1. Let t(u) = 2*s(u) + 9*x(u). Let n(h) = -4*h + 4. Let p(w) = -4*n(w) + 3*t(w). Determine p(5).
-5
Let a(f) = 14 - 6 + 186*f - 187*f. Let u(n) = 6*n**2 - 33*n + 49. Let h be u(2). Determine a(h).
1
Let w be -4*-9*(-10)/(-120). Let r(n) = 6*n**2 - n - 1. Give r(w).
50
Let z be -1*1/(-2)*(-89 - -79). Let h(s) = 5*s + 12. Let t(x) = x + 1. Let u(b) = -h(b) + 4*t(b). Calculate u(z).
-3
Let v(h) be the first derivative of -h**4/4 - 11*h**3/3 - 9*h**2/2 + 14*h - 779. Let r be ((-60)/21)/(4/14). Determine v(r).
4
Let d(h) = -h**2 - 17*h - 54. Suppose 16*r + 4*m = 15*r - 9, -2*r - 5*m - 21 = 0. Calculate d(r).
-2
Let z(n) be the first derivative of -n**2 + 2*n - 20. Let k(i) = 4*i + 24. Let s be k(-7). Let v = 2 + s. Determine z(v).
6
Let s(g) = -10*g - 185. Suppose -85*l = 1137 + 620 - 142. Determine s(l).
5
Let m(p) be the first derivative of p**3/3 + p**2 - 69*p + 6430. Calculate m(7).
-6
Suppose 321 + 6433 = -22*l. Let h = 308 + l. Let j(n) = -25*n**3 + 1. Give j(h).
-24
Let g(i) = -i**2 - i + 6. Let x(u) = u**2 + u - 7. Let y(z) = 3*g(z) + 2*x(z). Suppose -2*a - 26 = -0*h - 4*h, -h = -5*a - 11. What is y(h)?
-38
Suppose 4*l = 2*x - 16, -3*x = -0*l + l - 10. Let r(v) = 3*v + 1. Give r(l).
-5
Let w(l) be the first derivative of 15*l**4/4 - l**3/3 + 22. Suppose -10 = -27*z - 37. Determine w(z).
-16
Let i(f) = -7 + 1460986*f**2 + 0 - 3*f - f**3 - 1460994*f**2. Calculate i(-7).
-35
Let c(x) be the second derivative of -x**3/3 - 19*x**2/2 + 21*x + 4. Suppose s + 2*r = -15, -2*r = 4*s - 1 + 55. Give c(s).
7
Suppose 0 = 5*z - 5*b - 16 + 56, -3*b - 32 = 5*z. Let l(f) = f**3 - f**2 + 1. Let s(x) = 4*x**3 - 12*x**2 + 4. Let v(g) = 5*l(g) - s(g). Calculate v(z).
1
Let d(o) = o**3 + o**2 - 1. Let f(a) = 5*a**3 + 13*a**2 - 14*a - 9. Let x(b) = -3*d(b) + f(b). Let c be 2/12*(-36252)/1007. What is x(c)?
6
Let q(n) = -n + 6. Suppose 7*d - 30 - 47 = 0. Let f be (-46)/d + 4 + (-4)/(-22). Calculate q(f).
6
Let d(x) = x**3 - 10*x**2 - 27*x + 38. Let i be d(12). Suppose -21*q - 44 = -i. Let a(b) = b**3 + 3*b**2 + 3*b + 1. Calculate a(q).
-1
Let t be 100 - (-2 - (-2 - 1)). Let i be -4*5/4 + (0 - -206). Let w(a) = -i*a + t*a - 3 + 99*a. What is w(3)?
-12
Let u(c) = -c**2 + 10*c - 2. Let z be u(9). Let g(o) = o**2 - o + 7. Let a(w) = 2*w**2 - 3*w + 16. Let n(r) = z*g(r) - 3*a(r). Give n(-2).
1
Suppose -11*l + 24*l = 182. Suppose -4*b = -18 + l. Let u(i) = -i**2 - 1. What is u(b)?
-2
Let z(n) = -24*n + 3*n**2 + 9 - 2*n**2 + 32*n. Let s(p) = -p**3 - 15*p**2 + 18*p + 39. Let f be s(-16). Let t = f - 13. What is z(t)?
-3
Let k(g) = g**3 - 12*g**2 - 12*g - 10. Suppose 4*z + 23*z + 1729 = 160*z. Give k(z).
3
Suppose -3*u = -t - 37 + 9, 2*u = 2*t + 16. Let x(p) = -76*p + 148*p + 3 - 70*p - u. Calculate x(-5).
-17
Let r(t) be the third derivative of t**5/60 - t**4/2 + 10*t**3/3 + 90*t**2 - 8*t. Give r(8).
-12
Let w(g) be the second derivative of 88*g + 13*g**2 + 1/6*g**3 + 0. Calculate w(-13).
13
Let u(y) = 6*y - 5. Let h be u(3). Let a = h - 9. Let r(s) be the second derivative of -s**5/20 + s**4/3 + s**3 - 3*s**2/2 + 75*s. Give r(a).
21
Let s(x) = -23 - 18 + 19 - 11*x - 7*x**2 - 5*x**2 + 15*x**2. What is s(-4)?
70
Let p = 22975 + -22974. Let n(f) = 18*f - 20. What is n(p)?
-2
Suppose 0 = 4*f - 9*f + x + 138, -3*f + 3*x = -78. Suppose 35 = -21*n - f. Let r(v) = v**3 + v**2 + v + 2. Give r(n).
-19
Let r be -22*6/(-20) - (-27)/(-45). Let w(u) = -u - r + 0 + 3 - 4. What is w(-11)?
4
Let s be (12/(-15) + 0)/(6/(-1125)). Let g = s + -143. Let v(d) = 5*d**2 - 3*d - 5. Let r(q) = q**2 + q - 1. Let x(o) = -4*r(o) + v(o). Determine x(g).
-1
Let y(x) = -2*x**2 - 6*x + 6. Let j = -2260 + 2255. Calculate y(j).
-14
Let c = 67 - 11. Let n = c + -47. Let t(g) = g. Let i(k) = k**2 - 13*k - 7. Let z(r) = -i(r) - 5*t(r). Calculate z(n).
-2
Let z(j) = j**2 + 7*j + 5. Let u be z(-4). Let c(p) = 389*p**3 + 2*p + 391*p**3 + 10 + p**2 - 8*p**2 - 781*p**3. Calculate c(u).
-4
Let z(o) = 44627549 - 44627551 + 5*o**2 - 3*o**3 + 4*o**3. Let u be 1/2*(-4 + 0). Calculate z(u).
10
Suppose t - 4 = -6. Let w(j) = j**3 - 12*j**2 + 13*j - 6. Let b(d) = 2*d**2 - 2*d + 1. Let x(s) = -6*b(s) - w(s). Calculate x(t).
10
Let n(b) be the first derivative of b**5/30 + b**4/6 + b**3/3 - 4*b**2 + 6. Let z(l) be the second derivative of n(l). Let g = -458 - -456. Give z(g).
2
Let o = -43245 - -43236. Let u(q) = q**2 + 9*q - 1. Calculate u(o).
-1
Let o(c) = 17*c**2 + 103*c + 33. Let m(i) = -6*i**2 - 35*i - 11. Let y be (4 - (6 - 6))/(-1). Let x(t) = y*o(t) - 11*m(t). Determine x(-13).